se 14.
-3
Convert -20 (base 10) to base 8.
-24
What is 11 (base 2) in base 15?
3
What is -4 (base 15) in base 6?
-4
What is 321 (base 4) in base 7?
111
-5 (base 9) to base 5
-10
Convert -10 (base 2) to base 5.
-2
21 (base 3) to base 11
7
What is -101 (base 3) in base 2?
-1010
Convert c5 (base 15) to base 6.
505
Convert -5 (base 14) to base 4.
-11
What is 2 (base 15) in base 14?
2
-1 (base 9) to base 4
-1
What is 7 (base 13) in base 15?
7
22 (base 15) to base 5
112
2 (base 6) to base 2
10
10110 (base 2) to base 15
17
What is 1 (base 15) in base 6?
1
Convert -13 (base 4) to base 5.
-12
What is -150 (base 12) in base 13?
-129
Convert 10011100 (base 2) to base 16.
9c
-1 (base 2) to base 11
-1
-101011100 (base 2) to base 14
-1ac
Convert 220 (base 5) to base 7.
114
Convert -b5 (base 14) to base 8.
-237
137 (base 10) to base 11
115
Convert 122 (base 4) to base 16.
1a
What is -1 (base 7) in base 2?
-1
-32 (base 5) to base 6
-25
60 (base 14) to base 3
10010
Convert -6 (base 8) to base 6.
-10
Convert 5 (base 11) to base 10.
5
-2121 (base 4) to base 12
-109
17 (base 11) to base 9
20
-13 (base 8) to base 16
-b
0 (base 10) to base 12
0
Convert 1a0 (base 14) to base 13.
1cb
31 (base 12) to base 10
37
What is -5 (base 6) in base 15?
-5
What is 2 (base 15) in base 8?
2
3 (base 11) to base 2
11
What is 32 (base 8) in base 5?
101
545 (base 7) to base 2
100010110
What is -227 (base 11) in base 6?
-1131
Convert -b2 (base 13) to base 16.
-91
205 (base 6) to base 2
1001101
Convert 4 (base 8) to base 12.
4
Convert 11 (base 11) to base 10.
12
-7 (base 9) to base 4
-13
What is 0 (base 8) in base 5?
0
What is -1ba (base 14) in base 3?
-111100
-84 (base 11) to base 16
-5c
353 (base 9) to base 8
443
-12 (base 15) to base 4
-101
What is 1101 (base 2) in base 7?
16
Convert -27 (base 12) to base 4.
-133
What is -2030 (base 4) in base 2?
-10001100
-b8 (base 16) to base 12
-134
Convert -12 (base 7) to base 2.
-1001
What is -7 (base 15) in base 10?
-7
What is 1 (base 12) in base 16?
1
What is 1 (base 15) in base 11?
1
What is 2212 (base 4) in base 15?
b1
What is 0 (base 4) in base 6?
0
What is -1 (base 11) in base 5?
-1
What is 10 (base 4) in base 7?
4
-11200 (base 3) to base 16
-7e
Convert -12 (base 3) to base 6.
-5
1 (base 2) to base 11
1
Convert -1 (base 13) to base 2.
-1
3c (base 13) to base 10
51
Convert 12101 (base 3) to base 5.
1040
What is 213 (base 4) in base 12?
33
Convert 11 (base 16) to base 6.
25
Convert 22202 (base 3) to base 13.
152
4 (base 13) to base 9
4
Convert 3 (base 5) to base 6.
3
1111000 (base 2) to base 7
231
Convert -19 (base 16) to base 4.
-121
What is 0 (base 14) in base 8?
0
Convert 27 (base 16) to base 4.
213
0 (base 2) to base 5
0
What is 10 (base 5) in base 15?
5
4 (base 14) to base 15
4
1 (base 14) to base 6
1
Convert -3 (base 14) to base 8.
-3
-51 (base 7) to base 14
-28
Convert -35 (base 10) to base 16.
-23
What is -1002 (base 4) in base 14?
-4a
24 (base 7) to base 11
17
What is -9 (base 10) in base 2?
-1001
What is 0 (base 5) in base 7?
0
Convert 225 (base 6) to base 3.
10022
What is -2 (base 5) in base 3?
-2
-1 (base 4) to base 3
-1
What is -41 (base 16) in base 12?
-55
Convert 3 (base 7) to base 2.
11
15 (base 8) to base 4
31
Convert -150 (base 9) to base 6.
-330
-2 (base 9) to base 8
-2
Convert -4 (base 8) to base 9.
-4
-14 (base 7) to base 9
-12
Convert a2 (base 11) to base 4.
1300
Convert -6 (base 12) to base 13.
-6
Convert -35 (base 6) to base 9.
-25
What is -4 (base 6) in base 7?
-4
Convert 5 (base 8) to base 14.
5
3 (base 10) to base 8
3
-234 (base 10) to base 9
-280
-10022 (base 3) to base 15
-5e
-3 (base 7) to base 5
-3
-113 (base 10) to base 11
-a3
0 (base 13) to base 16
0
What is -1021 (base 3) in base 16?
-22
What is -21 (base 4) in base 6?
-13
What is 3b (base 13) in base 5?
200
What is 25 (base 9) in base 7?
32
What is 15 (base 12) in base 6?
25
Convert -120 (base 5) to base 2.
-100011
-6 (base 9) to base 12
-6
-15 (base 6) to base 4
-23
-7 (base 11) to base 4
-13
Convert -10 (base 10) to base 3.
-101
Convert -3 (base 6) to base 8.
-3
Convert 4 (base 10) to base 5.
4
-15 (base 7) to base 14
-c
What is 1024 (base 6) in base 5?
1412
What is -1433 (base 5) in base 2?
-11110011
0 (base 9) to base 11
0
Convert 9 (base 10) to base 6.
13
Convert -13 (base 13) to base 4.
-100
Convert -3 (base 6) to base 3.
-10
10000101 (base 2) to base 13
a3
What is -13 (base 7) in base 5?
-20
Convert 8 (base 12) to base 13.
8
What is 3 (base 16) in base 2?
11
-5 (base 10) to base 7
-5
Convert 110011 (base 2) to base 14.
39
What is -2 (base 14) in base 12?
-2
41 (base 9) to base 6
101
What is 100 (base 2) in base 7?
4
Convert -47 (base 9) to base 13.
-34
Convert 11 (base 9) to base 13.
a
19 (base 16) to base 6
41
What is -4b (base 15) in base 11?
-65
11010 (base 2) to base 11
24
What is -11001011 (base 2) in base 8?
-313
What is 3 (base 16) in base 2?
11
-167 (base 8) to base 13
-92
What is -100001 (base 2) in base 7?
-45
Convert 1 (base 11) to base 16.
1
Convert -7 (base 15) to base 9.
-7
-2a (base 15) to base 13
-31
What is -273 (base 8) in base 13?
-115
What is -8 (base 11) in base 14?
-8
What is 12 (base 6) in base 2?
1000
-223 (base 5) to base 12
-53
-102 (base 5) to base 12
-23
-1 (base 15) to base 2
-1
What is 28 (base 11) in base 5?
110
Convert 2 (base 4) to base 9.
2
-1 (base 4) to base 6
-1
Convert 413 (base 6) to base 2.
10011001
What is 3d (base 14) in base 11?
50
What is -4 (base 11) in base 2?
-100
What is 66 (base 16) in base 10?
102
5 (base 14) to base 3
12
Convert 14 (base 7) to base 16.
b
What is -15 (base 6) in base 8?
-13
200 (base 3) to base 14
14
Convert 10 (base 12) to base 10.
12
-b6 (base 13) to base 6
-405
-10 (base 6) to base 4
-12
What is 2c (base 14) in base 9?
44
What is -102 (base 4) in base 13?
-15
What is 2 (base 5) in base 14?
2
What is 63 (base 13) in base 9?
100
What is 1d (base 14) in base 6?
43
Convert -4 (base 5) to base 14.
-4
What is -10210 (base 3) in base 4?
-1212
-11a (base 12) to base 13
-ca
Convert 18 (base 14) to base 12.
1a
What is 15 (base 13) in base 3?
200
-5 (base 11) to base 12
-5
Convert 17 (base 13) to base 10.
20
What is 123 (base 4) in base 14?
1d
Convert 162 (base 11) to base 12.
139
What is -a (base 13) in base 14?
-a
Convert 3b (base 15) to base 8.
70
What is 2 (base 13) in base 7?
2
Convert -4 (base 6) to base 11.
-4
34 (base 13) to base 4
223
Convert 6 (base 11) to base 14.
6
What is -25 (base 14) in base 12?
-29
Convert -b9 (base 12) to base 7.
-261
Convert 1 (base 9) to base 3.
1
3 (base 4) to base 10
3
What is 4 (base 8) in base 15?
4
-10010101 (base 2) to base 4
-2111
What is 9 (base 15) in base 7?
12
Convert 2122 (base 3) to base 12.
5b
What is 0 (base 16) in base 6?
0
What is 10 (base 12) in base 9?
13
Convert -3 (base 6) to base 13.
-3
What is -10b (base 15) in base 8?
-354
44 (base 16) to base 12
58
-7 (base 12) to base 13
-7
24a (base 12) to base 13
208
What is 2 (base 4) in base 10?
2
Convert -1a (base 12) to base 11.
-20
-21 (base 3) to base 14
-7
20 (base 4) to base 2
1000
What is 5 (base 14) in base 4?
11
1 (base 7) to base 13
1
What is 21 (base 3) in base 12?
7
What is 20 (base 3) in base 2?
110
Convert -4 (base 15) to base 13.
-4
Convert 8 (base 15) to base 9.
8
What is 4 (base 7) in base 2?
100
-1 (base 13) to base 2
-1
What is 345 (base 11) in base 15?
1c7
What is 1 (base 8) in base 4?
1
b (base 14) to base 13
b
-100 (base 3) to base 11
-9
Convert 130 (base 8) to base 9.
107
What is -3 (base 12) in base 11?
-3
Convert -100 (base 3) to base 15.
-9
What is 0 (base 8) in base 7?
0
Convert 13 (base 4) to base 15.
7
143 (base 5) to base 13
39
Convert 44 (base 12) to base 3.
1221
-13 (base 14) to base 2
-10001
What is -3 (base 14) in base 15?
-3
Convert 11 (base 7) to base 4.
20
What is -1 (base 13) in base 6?
-1
Convert 5 (base 11) to base 9.
5
What is 10 (base 5) in base 6?
5
1 (base 14) to base 12
1
What is -8 (base 12) in base 16?
-8
Convert 1324 (base 5) to base 12.
15a
-14 (base 11) to base 15
-10
-1 (base 10) to base 7
-1
-11001 (base 2) to base 10
-25
Convert -11 (base 9) to base 7.
-13
Convert -40 (base 10) to base 7.
-55
What is 7 (base 14) in base 13?
7
44 (base 7) to base 14
24
What is -11 (base 4) in base 6?
-5
4 (base 16) to base 5
4
-18b (base 12) to base 9
-30